{"id":26,"date":"2021-11-19T14:04:00","date_gmt":"2021-11-19T13:04:00","guid":{"rendered":"https:\/\/tatami-samurai.de\/tsjc\/?page_id=26"},"modified":"2022-09-19T16:05:56","modified_gmt":"2022-09-19T14:05:56","slug":"ichi-ni-san","status":"publish","type":"page","link":"https:\/\/tatami-samurai.de\/tsjc\/ichi-ni-san\/","title":{"rendered":"Ichi Ni San"},"content":{"rendered":"\n<p style=\"font-size:24px\">Die Abzeichenpr\u00fcfung Ichi, Ni ,San oder auf Deutsch eins, zwei, drei ist das Programm des DJB f\u00fcr die Ausbildung der 5- bis 7-J\u00e4hrigen<\/p>\n\n\n\n<p class=\"has-text-align-center has-large-font-size\"><strong>\u201eJudo spielend lernen\u201c<\/strong><\/p>\n\n\n\n<div class=\"wp-block-columns is-layout-flex wp-container-core-columns-is-layout-1 wp-block-columns-is-layout-flex\">\n<div class=\"wp-block-column is-layout-flow wp-block-column-is-layout-flow\">\n<figure class=\"wp-block-image size-full\"><img loading=\"lazy\" decoding=\"async\" width=\"350\" height=\"350\" src=\"https:\/\/tatami-samurai.de\/tsjc\/wp-content\/uploads\/ichi.png\" alt=\"\" class=\"wp-image-257\" srcset=\"https:\/\/tatami-samurai.de\/tsjc\/wp-content\/uploads\/ichi.png 350w, https:\/\/tatami-samurai.de\/tsjc\/wp-content\/uploads\/ichi-300x300.png 300w, https:\/\/tatami-samurai.de\/tsjc\/wp-content\/uploads\/ichi-150x150.png 150w\" sizes=\"auto, (max-width: 350px) 100vw, 350px\" \/><\/figure>\n\n\n\n<p class=\"has-text-align-center\" style=\"font-size:30px\"><strong>Ichi<\/strong><\/p>\n<\/div>\n\n\n\n<div class=\"wp-block-column is-layout-flow wp-block-column-is-layout-flow\">\n<figure class=\"wp-block-image size-full\"><img loading=\"lazy\" decoding=\"async\" width=\"350\" height=\"350\" src=\"https:\/\/tatami-samurai.de\/tsjc\/wp-content\/uploads\/ni.png\" alt=\"\" class=\"wp-image-258\" srcset=\"https:\/\/tatami-samurai.de\/tsjc\/wp-content\/uploads\/ni.png 350w, https:\/\/tatami-samurai.de\/tsjc\/wp-content\/uploads\/ni-300x300.png 300w, https:\/\/tatami-samurai.de\/tsjc\/wp-content\/uploads\/ni-150x150.png 150w\" sizes=\"auto, (max-width: 350px) 100vw, 350px\" \/><\/figure>\n\n\n\n<p class=\"has-text-align-center\" style=\"font-size:30px\"><strong>Ni<\/strong><\/p>\n<\/div>\n\n\n\n<div class=\"wp-block-column is-layout-flow wp-block-column-is-layout-flow\">\n<figure class=\"wp-block-image size-full\"><img loading=\"lazy\" decoding=\"async\" width=\"350\" height=\"350\" src=\"https:\/\/tatami-samurai.de\/tsjc\/wp-content\/uploads\/san.png\" alt=\"\" class=\"wp-image-259\" srcset=\"https:\/\/tatami-samurai.de\/tsjc\/wp-content\/uploads\/san.png 350w, https:\/\/tatami-samurai.de\/tsjc\/wp-content\/uploads\/san-300x300.png 300w, https:\/\/tatami-samurai.de\/tsjc\/wp-content\/uploads\/san-150x150.png 150w\" sizes=\"auto, (max-width: 350px) 100vw, 350px\" \/><\/figure>\n\n\n\n<p class=\"has-text-align-center\" style=\"font-size:30px\"><strong>San<\/strong><\/p>\n<\/div>\n<\/div>\n\n\n\n<p>Viele Kinder sind \u00fcbergewichtig, die k\u00f6rperliche Leistungsf\u00e4higkeit geht zur\u00fcck, die Bewegungssicherheit l\u00e4sst nach und durch mangelndes Selbstwertgef\u00fchl nehmen Aggressivit\u00e4t und andere Problemerscheinungen zu. Diesen wachsenden Problemen soll entgegengewirkt werden.<\/p>\n\n\n\n<p>Der DJB hat deshalb ein Programm aufgelegt, das bereits Kindern unter sieben Jahren bei der Bew\u00e4ltigung dieser Probleme helfen soll.<\/p>\n\n\n\n<p>Kindgerecht und mit optisch ansprechenden Materialien werden Kinder motiviert, sich sportlich zu bet\u00e4tigen. Dabei soll besonderen Wert gelegt werden auf: &nbsp;<\/p>\n\n\n\n<ul class=\"wp-block-list\">\n<li>die F\u00f6rderung der K\u00f6rperwahrnehmung und des Bewegungsempfindens<\/li>\n\n\n\n<li>die St\u00e4rkung der St\u00fctz- und Haltemuskulatur &nbsp;<\/li>\n\n\n\n<li>die F\u00f6rderung grundlegender koordinativer und konditioneller F\u00e4higkeiten &nbsp;<\/li>\n\n\n\n<li>die Entwicklung von Werten f\u00fcr die eigene Sicherheit und den Erwerb vielf\u00e4ltiger Kompetenzen zur Entfaltung der Pers\u00f6nlichkeit. &nbsp;<\/li>\n<\/ul>\n\n\n\n<p>Nicht zuletzt ist es aber auch das Ziel, die Kinder zur Sportart Judo hinzuf\u00fchren.<\/p>\n\n\n\n<p>Das Programm des DJB f\u00fcr die unter siebenj\u00e4hrigen Kinder ist kindgerecht aufgearbeitet und bietet f\u00fcr jeden \u00dcbungsleiter ein Kompendium f\u00fcr seine Arbeit mit unserem j\u00fcngsten Nachwuchs.&nbsp;<\/p>\n\n\n\n<p class=\"has-text-align-center has-normal-font-size\">Texte und Bilder \u00a9 DJB (<a href=\"https:\/\/www.judobund.de\/jugend\/jugendaktionen\/judo-spielend-lernen\/\" target=\"_blank\" rel=\"noreferrer noopener\">https:\/\/www.judobund.de\/jugend\/jugendaktionen\/judo-spielend-lernen\/<\/a>)<\/p>\n","protected":false},"excerpt":{"rendered":"<p>Die Abzeichenpr\u00fcfung Ichi, Ni ,San oder auf Deutsch eins, zwei, drei ist das Programm des DJB f\u00fcr die Ausbildung der 5- bis 7-J\u00e4hrigen \u201eJudo spielend lernen\u201c Ichi Ni San Viele Kinder sind \u00fcbergewichtig, die k\u00f6rperliche Leistungsf\u00e4higkeit geht zur\u00fcck, die Bewegungssicherheit l\u00e4sst nach und durch mangelndes Selbstwertgef\u00fchl nehmen Aggressivit\u00e4t und andere Problemerscheinungen zu. Diesen wachsenden Problemen [&hellip;]<\/p>\n","protected":false},"author":1,"featured_media":0,"parent":0,"menu_order":0,"comment_status":"closed","ping_status":"closed","template":"","meta":{"footnotes":""},"class_list":["post-26","page","type-page","status-publish","hentry"],"yoast_head":"<!-- This site is optimized with the Yoast SEO plugin v20.6 - https:\/\/yoast.com\/wordpress\/plugins\/seo\/ -->\n<title>Ichi Ni San | Tatami Samurai Judoclub Eutin e. V.<\/title>\n<meta name=\"description\" content=\"&quot;Judo spielend lernen&quot; ist das Motto der Ichi Ni San Abzeichenpr\u00fcfung. So werden die jungen Judoka langsam an das Judotraining herangef\u00fchrt.\" \/>\n<meta name=\"robots\" content=\"index, follow, max-snippet:-1, max-image-preview:large, max-video-preview:-1\" \/>\n<link rel=\"canonical\" href=\"https:\/\/tatami-samurai.de\/tsjc\/ichi-ni-san\/\" \/>\n<meta property=\"og:locale\" content=\"de_DE\" \/>\n<meta property=\"og:type\" content=\"article\" \/>\n<meta property=\"og:title\" content=\"Ichi Ni San | Tatami Samurai Judoclub Eutin e. V.\" \/>\n<meta property=\"og:description\" content=\"&quot;Judo spielend lernen&quot; ist das Motto der Ichi Ni San Abzeichenpr\u00fcfung. So werden die jungen Judoka langsam an das Judotraining herangef\u00fchrt.\" \/>\n<meta property=\"og:url\" content=\"https:\/\/tatami-samurai.de\/tsjc\/ichi-ni-san\/\" \/>\n<meta property=\"og:site_name\" content=\"Tatami Samurai Judoclub Eutin e. V.\" \/>\n<meta property=\"article:modified_time\" content=\"2022-09-19T14:05:56+00:00\" \/>\n<meta property=\"og:image\" content=\"https:\/\/tatami-samurai.de\/tsjc\/wp-content\/uploads\/ichi.png\" \/>\n<meta name=\"twitter:card\" content=\"summary_large_image\" \/>\n<meta name=\"twitter:label1\" content=\"Gesch\u00e4tzte Lesezeit\" \/>\n\t<meta name=\"twitter:data1\" content=\"2\u00a0Minuten\" \/>\n<script type=\"application\/ld+json\" class=\"yoast-schema-graph\">{\"@context\":\"https:\/\/schema.org\",\"@graph\":[{\"@type\":\"WebPage\",\"@id\":\"https:\/\/tatami-samurai.de\/tsjc\/ichi-ni-san\/\",\"url\":\"https:\/\/tatami-samurai.de\/tsjc\/ichi-ni-san\/\",\"name\":\"Ichi Ni San | Tatami Samurai Judoclub Eutin e. V.\",\"isPartOf\":{\"@id\":\"https:\/\/tatami-samurai.de\/tsjc\/#website\"},\"datePublished\":\"2021-11-19T13:04:00+00:00\",\"dateModified\":\"2022-09-19T14:05:56+00:00\",\"description\":\"\\\"Judo spielend lernen\\\" ist das Motto der Ichi Ni San Abzeichenpr\u00fcfung. So werden die jungen Judoka langsam an das Judotraining herangef\u00fchrt.\",\"breadcrumb\":{\"@id\":\"https:\/\/tatami-samurai.de\/tsjc\/ichi-ni-san\/#breadcrumb\"},\"inLanguage\":\"de\",\"potentialAction\":[{\"@type\":\"ReadAction\",\"target\":[\"https:\/\/tatami-samurai.de\/tsjc\/ichi-ni-san\/\"]}]},{\"@type\":\"BreadcrumbList\",\"@id\":\"https:\/\/tatami-samurai.de\/tsjc\/ichi-ni-san\/#breadcrumb\",\"itemListElement\":[{\"@type\":\"ListItem\",\"position\":1,\"name\":\"Startseite\",\"item\":\"https:\/\/tatami-samurai.de\/tsjc\/\"},{\"@type\":\"ListItem\",\"position\":2,\"name\":\"Ichi Ni San\"}]},{\"@type\":\"WebSite\",\"@id\":\"https:\/\/tatami-samurai.de\/tsjc\/#website\",\"url\":\"https:\/\/tatami-samurai.de\/tsjc\/\",\"name\":\"Tatami Samurai Judoclub Eutin e. V.\",\"description\":\"\",\"publisher\":{\"@id\":\"https:\/\/tatami-samurai.de\/tsjc\/#organization\"},\"potentialAction\":[{\"@type\":\"SearchAction\",\"target\":{\"@type\":\"EntryPoint\",\"urlTemplate\":\"https:\/\/tatami-samurai.de\/tsjc\/?s={search_term_string}\"},\"query-input\":\"required name=search_term_string\"}],\"inLanguage\":\"de\"},{\"@type\":\"Organization\",\"@id\":\"https:\/\/tatami-samurai.de\/tsjc\/#organization\",\"name\":\"Tatami Samurai Judoclub Eutin e. V.\",\"url\":\"https:\/\/tatami-samurai.de\/tsjc\/\",\"logo\":{\"@type\":\"ImageObject\",\"inLanguage\":\"de\",\"@id\":\"https:\/\/tatami-samurai.de\/tsjc\/#\/schema\/logo\/image\/\",\"url\":\"https:\/\/tatami-samurai.de\/tsjc\/wp-content\/uploads\/Logo-Tatami-Samurai-rund-ohne-Judoka-512.png\",\"contentUrl\":\"https:\/\/tatami-samurai.de\/tsjc\/wp-content\/uploads\/Logo-Tatami-Samurai-rund-ohne-Judoka-512.png\",\"width\":512,\"height\":511,\"caption\":\"Tatami Samurai Judoclub Eutin e. V.\"},\"image\":{\"@id\":\"https:\/\/tatami-samurai.de\/tsjc\/#\/schema\/logo\/image\/\"}}]}<\/script>\n<!-- \/ Yoast SEO plugin. -->","yoast_head_json":{"title":"Ichi Ni San | Tatami Samurai Judoclub Eutin e. V.","description":"\"Judo spielend lernen\" ist das Motto der Ichi Ni San Abzeichenpr\u00fcfung. So werden die jungen Judoka langsam an das Judotraining herangef\u00fchrt.","robots":{"index":"index","follow":"follow","max-snippet":"max-snippet:-1","max-image-preview":"max-image-preview:large","max-video-preview":"max-video-preview:-1"},"canonical":"https:\/\/tatami-samurai.de\/tsjc\/ichi-ni-san\/","og_locale":"de_DE","og_type":"article","og_title":"Ichi Ni San | Tatami Samurai Judoclub Eutin e. V.","og_description":"\"Judo spielend lernen\" ist das Motto der Ichi Ni San Abzeichenpr\u00fcfung. So werden die jungen Judoka langsam an das Judotraining herangef\u00fchrt.","og_url":"https:\/\/tatami-samurai.de\/tsjc\/ichi-ni-san\/","og_site_name":"Tatami Samurai Judoclub Eutin e. V.","article_modified_time":"2022-09-19T14:05:56+00:00","og_image":[{"url":"https:\/\/tatami-samurai.de\/tsjc\/wp-content\/uploads\/ichi.png"}],"twitter_card":"summary_large_image","twitter_misc":{"Gesch\u00e4tzte Lesezeit":"2\u00a0Minuten"},"schema":{"@context":"https:\/\/schema.org","@graph":[{"@type":"WebPage","@id":"https:\/\/tatami-samurai.de\/tsjc\/ichi-ni-san\/","url":"https:\/\/tatami-samurai.de\/tsjc\/ichi-ni-san\/","name":"Ichi Ni San | Tatami Samurai Judoclub Eutin e. V.","isPartOf":{"@id":"https:\/\/tatami-samurai.de\/tsjc\/#website"},"datePublished":"2021-11-19T13:04:00+00:00","dateModified":"2022-09-19T14:05:56+00:00","description":"\"Judo spielend lernen\" ist das Motto der Ichi Ni San Abzeichenpr\u00fcfung. So werden die jungen Judoka langsam an das Judotraining herangef\u00fchrt.","breadcrumb":{"@id":"https:\/\/tatami-samurai.de\/tsjc\/ichi-ni-san\/#breadcrumb"},"inLanguage":"de","potentialAction":[{"@type":"ReadAction","target":["https:\/\/tatami-samurai.de\/tsjc\/ichi-ni-san\/"]}]},{"@type":"BreadcrumbList","@id":"https:\/\/tatami-samurai.de\/tsjc\/ichi-ni-san\/#breadcrumb","itemListElement":[{"@type":"ListItem","position":1,"name":"Startseite","item":"https:\/\/tatami-samurai.de\/tsjc\/"},{"@type":"ListItem","position":2,"name":"Ichi Ni San"}]},{"@type":"WebSite","@id":"https:\/\/tatami-samurai.de\/tsjc\/#website","url":"https:\/\/tatami-samurai.de\/tsjc\/","name":"Tatami Samurai Judoclub Eutin e. V.","description":"","publisher":{"@id":"https:\/\/tatami-samurai.de\/tsjc\/#organization"},"potentialAction":[{"@type":"SearchAction","target":{"@type":"EntryPoint","urlTemplate":"https:\/\/tatami-samurai.de\/tsjc\/?s={search_term_string}"},"query-input":"required name=search_term_string"}],"inLanguage":"de"},{"@type":"Organization","@id":"https:\/\/tatami-samurai.de\/tsjc\/#organization","name":"Tatami Samurai Judoclub Eutin e. V.","url":"https:\/\/tatami-samurai.de\/tsjc\/","logo":{"@type":"ImageObject","inLanguage":"de","@id":"https:\/\/tatami-samurai.de\/tsjc\/#\/schema\/logo\/image\/","url":"https:\/\/tatami-samurai.de\/tsjc\/wp-content\/uploads\/Logo-Tatami-Samurai-rund-ohne-Judoka-512.png","contentUrl":"https:\/\/tatami-samurai.de\/tsjc\/wp-content\/uploads\/Logo-Tatami-Samurai-rund-ohne-Judoka-512.png","width":512,"height":511,"caption":"Tatami Samurai Judoclub Eutin e. V."},"image":{"@id":"https:\/\/tatami-samurai.de\/tsjc\/#\/schema\/logo\/image\/"}}]}},"_links":{"self":[{"href":"https:\/\/tatami-samurai.de\/tsjc\/wp-json\/wp\/v2\/pages\/26","targetHints":{"allow":["GET"]}}],"collection":[{"href":"https:\/\/tatami-samurai.de\/tsjc\/wp-json\/wp\/v2\/pages"}],"about":[{"href":"https:\/\/tatami-samurai.de\/tsjc\/wp-json\/wp\/v2\/types\/page"}],"author":[{"embeddable":true,"href":"https:\/\/tatami-samurai.de\/tsjc\/wp-json\/wp\/v2\/users\/1"}],"replies":[{"embeddable":true,"href":"https:\/\/tatami-samurai.de\/tsjc\/wp-json\/wp\/v2\/comments?post=26"}],"version-history":[{"count":10,"href":"https:\/\/tatami-samurai.de\/tsjc\/wp-json\/wp\/v2\/pages\/26\/revisions"}],"predecessor-version":[{"id":976,"href":"https:\/\/tatami-samurai.de\/tsjc\/wp-json\/wp\/v2\/pages\/26\/revisions\/976"}],"wp:attachment":[{"href":"https:\/\/tatami-samurai.de\/tsjc\/wp-json\/wp\/v2\/media?parent=26"}],"curies":[{"name":"wp","href":"https:\/\/api.w.org\/{rel}","templated":true}]}}