{"id":59,"date":"2021-11-19T14:13:15","date_gmt":"2021-11-19T13:13:15","guid":{"rendered":"https:\/\/tatami-samurai.de\/tsjc\/?page_id=59"},"modified":"2022-02-16T17:41:51","modified_gmt":"2022-02-16T16:41:51","slug":"was-ist-judo","status":"publish","type":"page","link":"https:\/\/tatami-samurai.de\/tsjc\/was-ist-judo\/","title":{"rendered":"Was ist Judo"},"content":{"rendered":"\n<p class=\"image-float-left image-pad-5\"><img loading=\"lazy\" decoding=\"async\" width=\"120\" height=\"153\" class=\"wp-image-509\" style=\"width: 120px;\" src=\"https:\/\/tatami-samurai.de\/tsjc\/wp-content\/uploads\/kano-rund.jpg\" alt=\"\" srcset=\"https:\/\/tatami-samurai.de\/tsjc\/wp-content\/uploads\/kano-rund.jpg 200w, https:\/\/tatami-samurai.de\/tsjc\/wp-content\/uploads\/kano-rund-118x150.jpg 118w\" sizes=\"auto, (max-width: 120px) 100vw, 120px\" \/>Die Wurzeln des Judo wurden von Professor Jigoro Kano entwickelt im Jahre 1882 in Japan entwickelt und kommen aus dem Jiu Jitsu.<br>Er gr\u00fcndete eine eigene Jiu Jitsu Schule und nannte seinen zu unterrichtenden Sport, Kodokan-Judo.<\/p>\n\n\n\n<p class=\"image-float-right image-pad-5\"><br><br><img loading=\"lazy\" decoding=\"async\" width=\"200\" height=\"92\" class=\"wp-image-510\" style=\"width: 200px;\" src=\"https:\/\/tatami-samurai.de\/tsjc\/wp-content\/uploads\/judo-calligraphi.png\" alt=\"\" srcset=\"https:\/\/tatami-samurai.de\/tsjc\/wp-content\/uploads\/judo-calligraphi.png 322w, https:\/\/tatami-samurai.de\/tsjc\/wp-content\/uploads\/judo-calligraphi-300x138.png 300w, https:\/\/tatami-samurai.de\/tsjc\/wp-content\/uploads\/judo-calligraphi-150x69.png 150w\" sizes=\"auto, (max-width: 200px) 100vw, 200px\" \/>W\u00f6rtlich \u00fcbersetzt hei\u00dft Judo \u201eder sanfte Weg\u201c. Schwerpunkte im Unterricht waren die Erziehung, die Selbstverteidigung und die Selbstbeherrschung. Schlag-Sto\u00df- und Tritttechniken wurden aus dem modernen Judo entfernt, um Wettk\u00e4mpfe ohne Verletzungsgefahr f\u00fcr die Sportler zu garantieren.<\/p>\n\n\n\n<p>Der erste Judo-Verein wurde 1918 in London von Gunji Koizumi (1885-1965) gegr\u00fcndet. Dies war der Ausgangspunkt f\u00fcr die Verbreitung des Judo in ganz Europa. Judo ist der weltweit am meisten verbreitete Kampfsport \u00fcberhaupt. In ca. 115 L\u00e4ndern der Welt betreiben nahezu knapp 10 Millionen Menschen Judo.<br>In Deutschland ist der Judo-Sport im Deutschen Judo-Bund (DJB) organisiert. Der DJB hat ca. 250.000 Mitglieder.<\/p>\n\n\n\n<p>Die k\u00f6rperlichen Voraussetzungen, die zum Judo mitgebracht werden m\u00fcssen, sind gering. Kondition, Kraft und Gewandtheit werden w\u00e4hrend des Trainings erworben. Das Training hat sowohl spielerischen als auch wettkampfm\u00e4\u00dfigen Charakter, so dass die Einsatzfreude immer gro\u00df bleibt. F\u00fcr Kinder ist der erzieherische Aspekt sehr hoch. \u00dcber das k\u00f6rperliche Training hinaus werden Charaktereigenschaften wie Kontaktfreudigkeit, Selbstsicherheit, Friedfertigkeit, Mut und Selbstdisziplin entwickelt und verst\u00e4rkt. Alle Trainer achten w\u00e4hrend des Unterrichts darauf, dass H\u00f6flichkeit und Disziplin dem Partner und allen anderen Mittrainierenden gegen\u00fcber immer gew\u00e4hrleistet werden.<\/p>\n\n\n\n<div class=\"wp-block-image\"><figure class=\"aligncenter size-large is-resized\"><img loading=\"lazy\" decoding=\"async\" src=\"https:\/\/tatami-samurai.de\/tsjc\/wp-content\/uploads\/logo_root-1024x392.png\" alt=\"\" class=\"wp-image-90\" width=\"768\" height=\"294\" srcset=\"https:\/\/tatami-samurai.de\/tsjc\/wp-content\/uploads\/logo_root-1024x392.png 1024w, https:\/\/tatami-samurai.de\/tsjc\/wp-content\/uploads\/logo_root-300x115.png 300w, https:\/\/tatami-samurai.de\/tsjc\/wp-content\/uploads\/logo_root-150x57.png 150w, https:\/\/tatami-samurai.de\/tsjc\/wp-content\/uploads\/logo_root-768x294.png 768w, https:\/\/tatami-samurai.de\/tsjc\/wp-content\/uploads\/logo_root-1536x588.png 1536w, https:\/\/tatami-samurai.de\/tsjc\/wp-content\/uploads\/logo_root.png 2022w\" sizes=\"auto, (max-width: 768px) 100vw, 768px\" \/><\/figure><\/div>\n\n\n\n<p class=\"has-text-align-center\" style=\"font-size:24px\"><strong>Hier erf\u00e4hrst Du noch mehr <a href=\"https:\/\/tatami-samurai.de\/tsjc\/ueber-uns\/\" data-type=\"page\" data-id=\"53\">\u00dcber uns<\/a><\/strong><\/p>\n","protected":false},"excerpt":{"rendered":"<p>Die Wurzeln des Judo wurden von Professor Jigoro Kano entwickelt im Jahre 1882 in Japan entwickelt und kommen aus dem Jiu Jitsu.Er gr\u00fcndete eine eigene Jiu Jitsu Schule und nannte seinen zu unterrichtenden Sport, Kodokan-Judo. W\u00f6rtlich \u00fcbersetzt hei\u00dft Judo \u201eder sanfte Weg\u201c. Schwerpunkte im Unterricht waren die Erziehung, die Selbstverteidigung und die Selbstbeherrschung. Schlag-Sto\u00df- und [&hellip;]<\/p>\n","protected":false},"author":1,"featured_media":0,"parent":0,"menu_order":0,"comment_status":"closed","ping_status":"closed","template":"","meta":{"footnotes":""},"class_list":["post-59","page","type-page","status-publish","hentry"],"yoast_head":"<!-- This site is optimized with the Yoast SEO plugin v20.6 - https:\/\/yoast.com\/wordpress\/plugins\/seo\/ -->\n<title>Was ist Judo | Tatami Samurai Judoclub Eutin e. V.<\/title>\n<meta name=\"robots\" content=\"index, follow, max-snippet:-1, max-image-preview:large, max-video-preview:-1\" \/>\n<link rel=\"canonical\" href=\"https:\/\/tatami-samurai.de\/tsjc\/was-ist-judo\/\" \/>\n<meta property=\"og:locale\" content=\"de_DE\" \/>\n<meta property=\"og:type\" content=\"article\" \/>\n<meta property=\"og:title\" content=\"Was ist Judo | Tatami Samurai Judoclub Eutin e. V.\" \/>\n<meta property=\"og:description\" content=\"Die Wurzeln des Judo wurden von Professor Jigoro Kano entwickelt im Jahre 1882 in Japan entwickelt und kommen aus dem Jiu Jitsu.Er gr\u00fcndete eine eigene Jiu Jitsu Schule und nannte seinen zu unterrichtenden Sport, Kodokan-Judo. W\u00f6rtlich \u00fcbersetzt hei\u00dft Judo \u201eder sanfte Weg\u201c. Schwerpunkte im Unterricht waren die Erziehung, die Selbstverteidigung und die Selbstbeherrschung. Schlag-Sto\u00df- und [&hellip;]\" \/>\n<meta property=\"og:url\" content=\"https:\/\/tatami-samurai.de\/tsjc\/was-ist-judo\/\" \/>\n<meta property=\"og:site_name\" content=\"Tatami Samurai Judoclub Eutin e. V.\" \/>\n<meta property=\"article:modified_time\" content=\"2022-02-16T16:41:51+00:00\" \/>\n<meta property=\"og:image\" content=\"https:\/\/tatami-samurai.de\/tsjc\/wp-content\/uploads\/kano-rund.jpg\" \/>\n<meta name=\"twitter:card\" content=\"summary_large_image\" \/>\n<meta name=\"twitter:label1\" content=\"Gesch\u00e4tzte Lesezeit\" \/>\n\t<meta name=\"twitter:data1\" content=\"1\u00a0Minute\" \/>\n<script type=\"application\/ld+json\" class=\"yoast-schema-graph\">{\"@context\":\"https:\/\/schema.org\",\"@graph\":[{\"@type\":\"WebPage\",\"@id\":\"https:\/\/tatami-samurai.de\/tsjc\/was-ist-judo\/\",\"url\":\"https:\/\/tatami-samurai.de\/tsjc\/was-ist-judo\/\",\"name\":\"Was ist Judo | Tatami Samurai Judoclub Eutin e. V.\",\"isPartOf\":{\"@id\":\"https:\/\/tatami-samurai.de\/tsjc\/#website\"},\"datePublished\":\"2021-11-19T13:13:15+00:00\",\"dateModified\":\"2022-02-16T16:41:51+00:00\",\"breadcrumb\":{\"@id\":\"https:\/\/tatami-samurai.de\/tsjc\/was-ist-judo\/#breadcrumb\"},\"inLanguage\":\"de\",\"potentialAction\":[{\"@type\":\"ReadAction\",\"target\":[\"https:\/\/tatami-samurai.de\/tsjc\/was-ist-judo\/\"]}]},{\"@type\":\"BreadcrumbList\",\"@id\":\"https:\/\/tatami-samurai.de\/tsjc\/was-ist-judo\/#breadcrumb\",\"itemListElement\":[{\"@type\":\"ListItem\",\"position\":1,\"name\":\"Startseite\",\"item\":\"https:\/\/tatami-samurai.de\/tsjc\/\"},{\"@type\":\"ListItem\",\"position\":2,\"name\":\"Was ist Judo\"}]},{\"@type\":\"WebSite\",\"@id\":\"https:\/\/tatami-samurai.de\/tsjc\/#website\",\"url\":\"https:\/\/tatami-samurai.de\/tsjc\/\",\"name\":\"Tatami Samurai Judoclub Eutin e. V.\",\"description\":\"\",\"publisher\":{\"@id\":\"https:\/\/tatami-samurai.de\/tsjc\/#organization\"},\"potentialAction\":[{\"@type\":\"SearchAction\",\"target\":{\"@type\":\"EntryPoint\",\"urlTemplate\":\"https:\/\/tatami-samurai.de\/tsjc\/?s={search_term_string}\"},\"query-input\":\"required name=search_term_string\"}],\"inLanguage\":\"de\"},{\"@type\":\"Organization\",\"@id\":\"https:\/\/tatami-samurai.de\/tsjc\/#organization\",\"name\":\"Tatami Samurai Judoclub Eutin e. V.\",\"url\":\"https:\/\/tatami-samurai.de\/tsjc\/\",\"logo\":{\"@type\":\"ImageObject\",\"inLanguage\":\"de\",\"@id\":\"https:\/\/tatami-samurai.de\/tsjc\/#\/schema\/logo\/image\/\",\"url\":\"https:\/\/tatami-samurai.de\/tsjc\/wp-content\/uploads\/Logo-Tatami-Samurai-rund-ohne-Judoka-512.png\",\"contentUrl\":\"https:\/\/tatami-samurai.de\/tsjc\/wp-content\/uploads\/Logo-Tatami-Samurai-rund-ohne-Judoka-512.png\",\"width\":512,\"height\":511,\"caption\":\"Tatami Samurai Judoclub Eutin e. V.\"},\"image\":{\"@id\":\"https:\/\/tatami-samurai.de\/tsjc\/#\/schema\/logo\/image\/\"}}]}<\/script>\n<!-- \/ Yoast SEO plugin. -->","yoast_head_json":{"title":"Was ist Judo | Tatami Samurai Judoclub Eutin e. V.","robots":{"index":"index","follow":"follow","max-snippet":"max-snippet:-1","max-image-preview":"max-image-preview:large","max-video-preview":"max-video-preview:-1"},"canonical":"https:\/\/tatami-samurai.de\/tsjc\/was-ist-judo\/","og_locale":"de_DE","og_type":"article","og_title":"Was ist Judo | Tatami Samurai Judoclub Eutin e. V.","og_description":"Die Wurzeln des Judo wurden von Professor Jigoro Kano entwickelt im Jahre 1882 in Japan entwickelt und kommen aus dem Jiu Jitsu.Er gr\u00fcndete eine eigene Jiu Jitsu Schule und nannte seinen zu unterrichtenden Sport, Kodokan-Judo. W\u00f6rtlich \u00fcbersetzt hei\u00dft Judo \u201eder sanfte Weg\u201c. Schwerpunkte im Unterricht waren die Erziehung, die Selbstverteidigung und die Selbstbeherrschung. Schlag-Sto\u00df- und [&hellip;]","og_url":"https:\/\/tatami-samurai.de\/tsjc\/was-ist-judo\/","og_site_name":"Tatami Samurai Judoclub Eutin e. V.","article_modified_time":"2022-02-16T16:41:51+00:00","og_image":[{"url":"https:\/\/tatami-samurai.de\/tsjc\/wp-content\/uploads\/kano-rund.jpg"}],"twitter_card":"summary_large_image","twitter_misc":{"Gesch\u00e4tzte Lesezeit":"1\u00a0Minute"},"schema":{"@context":"https:\/\/schema.org","@graph":[{"@type":"WebPage","@id":"https:\/\/tatami-samurai.de\/tsjc\/was-ist-judo\/","url":"https:\/\/tatami-samurai.de\/tsjc\/was-ist-judo\/","name":"Was ist Judo | Tatami Samurai Judoclub Eutin e. V.","isPartOf":{"@id":"https:\/\/tatami-samurai.de\/tsjc\/#website"},"datePublished":"2021-11-19T13:13:15+00:00","dateModified":"2022-02-16T16:41:51+00:00","breadcrumb":{"@id":"https:\/\/tatami-samurai.de\/tsjc\/was-ist-judo\/#breadcrumb"},"inLanguage":"de","potentialAction":[{"@type":"ReadAction","target":["https:\/\/tatami-samurai.de\/tsjc\/was-ist-judo\/"]}]},{"@type":"BreadcrumbList","@id":"https:\/\/tatami-samurai.de\/tsjc\/was-ist-judo\/#breadcrumb","itemListElement":[{"@type":"ListItem","position":1,"name":"Startseite","item":"https:\/\/tatami-samurai.de\/tsjc\/"},{"@type":"ListItem","position":2,"name":"Was ist Judo"}]},{"@type":"WebSite","@id":"https:\/\/tatami-samurai.de\/tsjc\/#website","url":"https:\/\/tatami-samurai.de\/tsjc\/","name":"Tatami Samurai Judoclub Eutin e. V.","description":"","publisher":{"@id":"https:\/\/tatami-samurai.de\/tsjc\/#organization"},"potentialAction":[{"@type":"SearchAction","target":{"@type":"EntryPoint","urlTemplate":"https:\/\/tatami-samurai.de\/tsjc\/?s={search_term_string}"},"query-input":"required name=search_term_string"}],"inLanguage":"de"},{"@type":"Organization","@id":"https:\/\/tatami-samurai.de\/tsjc\/#organization","name":"Tatami Samurai Judoclub Eutin e. V.","url":"https:\/\/tatami-samurai.de\/tsjc\/","logo":{"@type":"ImageObject","inLanguage":"de","@id":"https:\/\/tatami-samurai.de\/tsjc\/#\/schema\/logo\/image\/","url":"https:\/\/tatami-samurai.de\/tsjc\/wp-content\/uploads\/Logo-Tatami-Samurai-rund-ohne-Judoka-512.png","contentUrl":"https:\/\/tatami-samurai.de\/tsjc\/wp-content\/uploads\/Logo-Tatami-Samurai-rund-ohne-Judoka-512.png","width":512,"height":511,"caption":"Tatami Samurai Judoclub Eutin e. V."},"image":{"@id":"https:\/\/tatami-samurai.de\/tsjc\/#\/schema\/logo\/image\/"}}]}},"_links":{"self":[{"href":"https:\/\/tatami-samurai.de\/tsjc\/wp-json\/wp\/v2\/pages\/59","targetHints":{"allow":["GET"]}}],"collection":[{"href":"https:\/\/tatami-samurai.de\/tsjc\/wp-json\/wp\/v2\/pages"}],"about":[{"href":"https:\/\/tatami-samurai.de\/tsjc\/wp-json\/wp\/v2\/types\/page"}],"author":[{"embeddable":true,"href":"https:\/\/tatami-samurai.de\/tsjc\/wp-json\/wp\/v2\/users\/1"}],"replies":[{"embeddable":true,"href":"https:\/\/tatami-samurai.de\/tsjc\/wp-json\/wp\/v2\/comments?post=59"}],"version-history":[{"count":8,"href":"https:\/\/tatami-samurai.de\/tsjc\/wp-json\/wp\/v2\/pages\/59\/revisions"}],"predecessor-version":[{"id":693,"href":"https:\/\/tatami-samurai.de\/tsjc\/wp-json\/wp\/v2\/pages\/59\/revisions\/693"}],"wp:attachment":[{"href":"https:\/\/tatami-samurai.de\/tsjc\/wp-json\/wp\/v2\/media?parent=59"}],"curies":[{"name":"wp","href":"https:\/\/api.w.org\/{rel}","templated":true}]}}